e m(5). Suppose -4*a = -6*a + 5*j + f, 87 = 3*a - 3*j. Calculate the remainder when 49 is divided by a.
24
Let k = 14 - 9. Suppose 3*n = 5*f + 110, -2*n - k*f = -7*n + 170. What is the remainder when n is divided by 16?
14
Suppose 4*v - 4 = 8. What is the remainder when 9 is divided by v?
0
Let b = 233 + -78. Calculate the remainder when b is divided by 52.
51
Calculate the remainder when 2/(-4)*3/(21/(-448)) is divided by 19.
13
Suppose 3*j = 3*o + 129, o + 184 = 4*j - 0*o. Calculate the remainder when 420 is divided by j.
44
Let w be (15/(-9))/5*-15. Let l = 0 + w. Suppose -2*r - 3*q = -44 - 30, q = l*r - 168. What is the remainder when r is divided by 12?
10
Suppose -2*c + 4*j = -5*c + 145, -4*c = 4*j - 196. Suppose 0 = 3*x - 2*l + 120, -x = -0*x + 3*l + c. Calculate the remainder when (-1)/2*x/3 is divided by 5.
2
Let j = 3 - -83. What is the remainder when j is divided by 18?
14
Let i(v) = v + 4. Suppose -y - 2 = -3*o - 11, y + 5*o = -15. Suppose 65 = 3*j + 2*z, z + y*z - 106 = -5*j. What is the remainder when j is divided by i(7)?
10
Let l(q) = q**3 + 11*q**2 - q - 3. What is the remainder when l(-11) is divided by 2?
0
Let o(i) = 4*i**2 + 7*i - 3. Calculate the remainder when o(-6) is divided by 25.
24
Let h = -19 - -46. Calculate the remainder when 69 is divided by h/1 + 3/(-1).
21
Let s(a) = -a**2 + 4. Let t be s(0). Suppose -2*p = -0*p - t. Suppose r + p*r = 39. What is the remainder when 24 is divided by r?
11
Let r(z) = 2*z + 8. What is the remainder when r(5) is divided by 7?
4
Let n(p) = -4*p - 10. What is the remainder when 8 is divided by n(-4)?
2
Let s = 3 + 0. Suppose -m = s*m - 64. Let o = -35 - -66. Calculate the remainder when o is divided by m.
15
Suppose -3*s = -24 - 93. Calculate the remainder when s is divided by (168/(-18))/(4/(-6)).
11
Let u(y) = -y**2 - 16*y + 3. Calculate the remainder when u(-8) is divided by 17.
16
Let n(k) = -11*k + 16. Calculate the remainder when n(-6) is divided by 28.
26
Suppose 18 + 70 = 4*m. Suppose 10 - m = -3*a. What is the remainder when 15 is divided by a?
3
What is the remainder when (23 + -5)*(-44)/(-6) is divided by 19?
18
Suppose 0 = -5*g - h + 96, 0 = -4*g + 2*h + h + 73. Suppose 3*u = -14 - 1, 4*u + 56 = a. Calculate the remainder when a is divided by g.
17
Let o = -126 + 140. Let x = 97 - 30. What is the remainder when x is divided by o?
11
Let o = -37 + 52. Calculate the remainder when 54 is divided by o.
9
What is the remainder when 27 is divided by (2 + (-13)/5)/(3/(-30))?
3
Let j = -9 + 14. Let s(v) = v + 1. Calculate the remainder when j is divided by s(1).
1
Suppose j = 4*j - 9. Suppose -j*k = -k - 34. Calculate the remainder when k is divided by (6 + 0)/(4/4).
5
Let w = 0 + 48. What is the remainder when w is divided by 26?
22
Let b = 8 - 4. Suppose b*f + f - 25 = 0. What is the remainder when ((-140)/50)/(4/(-10)) is divided by f?
2
Suppose 0 = -5*z + 4*j + 82, 2*z - 3*j = -0*j + 30. Calculate the remainder when z is divided by 5.
3
Suppose -8*z + 3*z = -225. Calculate the remainder when z is divided by 17.
11
Let y = 0 + 3. Let w(z) = -z**3 + 4*z**2 + 5*z + 2. Calculate the remainder when y is divided by w(5).
1
Let d = 33 - 3. Let h = -16 + d. What is the remainder when 53 is divided by h?
11
Suppose -4*w + 37 + 31 = 0. Calculate the remainder when w is divided by 8.
1
Suppose j + 4 = -j. Let t = 17 + j. Let i = -33 + 62. Calculate the remainder when i is divided by t.
14
Let x(l) = 4*l - 8. Suppose -53 - 28 = -3*z - 3*q, 3*z - q = 93. What is the remainder when z is divided by x(4)?
6
Suppose d - 5 = 5*u, 4*d + u + 0*u = 62. Suppose 0 = -3*z - b + 5*b + 60, -d = -5*b. Calculate the remainder when 43 is divided by (-4)/(-6)*z - 1.
13
Let u(h) = -h**3 + 3*h**2 + 3*h - 2. Let t be u(4). Let g(f) = 2*f**2 + 7*f - 7. Calculate the remainder when 68 is divided by g(t).
22
Let x(b) = 3 - 8*b - 9*b - 2 + 6*b. What is the remainder when x(-2) is divided by 8?
7
Let s be ((-7)/21)/(1/9). Let n(g) = -g**3 - 3*g**2 - g - 1. What is the remainder when 3 is divided by n(s)?
1
Calculate the remainder when 3/5 - ((-3216)/(-10))/(-4) is divided by 14.
11
Suppose -5*x + 20 = 0, 4*x + 9 = f - 0*f. Calculate the remainder when f is divided by 9.
7
Let a(q) = -q**3 + q**2 - q - 3. Calculate the remainder when 28 is divided by a(-2).
6
Suppose -52 = -12*n + 8*n. Let b(v) = 2*v**3 - 3*v**2 + 4*v - 2. Calculate the remainder when b(3) is divided by n.
11
Suppose -3 = s + 5*c + 6, 4*s - 39 = 5*c. Suppose z + 3*z = 3*y + 76, 44 = 3*z + y. What is the remainder when (-9)/s*92/(-3) is divided by z?
14
Let i = 25 + -18. Let s be 7 - 0 - 2/1. Suppose -72 = -5*d - 4*m, s*d - 3*m - 75 + 24 = 0. Calculate the remainder when d is divided by i.
5
Suppose i + 1 = 4. Let n = 20 + -15. Suppose n*p - 14 = 11. Calculate the remainder when p is divided by i.
2
Suppose 6*h + 3*z - 3 = 2*h, -3*h - 3 = 4*z. Suppose -3*u - h*s + 45 = 0, -35 = -6*u + 3*u - s. Calculate the remainder when 38 is divided by u.
8
Calculate the remainder when (-53)/(-4) + (78/(-24) - -3) is divided by 13.
0
Suppose 2*g - 8 = 0, 4*g + 24 = 2*v + 8*g. Suppose 2*b + 3 - 15 = 4*h, -16 = v*b. What is the remainder when 4 is divided by 5/25 + (-14)/h?
1
Suppose -54 = -5*v + 36. Calculate the remainder when v is divided by 96/10 + 4/10.
8
Let d(h) = -h**3 - 6*h**2 - 9*h - 1. Let y be d(-4). What is the remainder when 4 is divided by (-15)/5 - (-3 - y)?
1
Suppose -5*w - 4*c = -4*w - 17, 0 = 5*c - 5. What is the remainder when w is divided by 8?
5
Suppose 0*l - 13*l = -468. Calculate the remainder when l is divided by 10.
6
Let s(d) = 5*d**2 + 11*d + 10. Let i(q) = 9*q**2 + 21*q + 19. Let c(b) = -6*i(b) + 11*s(b). What is the remainder when c(8) is divided by (-1)/4 - (-45)/4?
9
Let j be ((-6)/(-4))/(2/4). Suppose 2*m - g = 16, m - 4*g - 6 = -j*g. Calculate the remainder when 27 is divided by m.
7
Let u be 2/((-1)/(-1)) - 0. Suppose -u*o + 13 = -o. What is the remainder when 50 is divided by o?
11
Let b(w) = -w**3 + 7*w**2 - 5*w - 9. What is the remainder when b(4) is divided by 11?
8
Suppose -5*w + 79 = -11. Let t = w + -6. Calculate the remainder when (-12 - -11)*2*-17 is divided by t.
10
Let i(k) = -4*k**2 + 3*k - 10. Let v(g) = -5*g**2 + 2*g - 11. Let m(h) = -4*i(h) + 3*v(h). Calculate the remainder when 13 is divided by m(6).
6
Suppose -5*y + 126 = -2*b - 1, 2*b - 98 = -4*y. Calculate the remainder when 196 is divided by y.
21
Let g = 33 - -24. What is the remainder when g is divided by 15?
12
Suppose -3*z = -7*z + 5*g + 30, z - 13 = 4*g. Calculate the remainder when (-114)/(-10) - (-2)/(-5) is divided by z.
1
Suppose 0 = g - 4*x - 31, -5*x + 10 = -0*x. Calculate the remainder when g is divided by 21.
18
Let f be 10/(-2)*(-18)/15. Let l(h) be the first derivative of h**2/2 + 3*h - 1. Calculate the remainder when l(f) is divided by 5.
4
Let j be 47/2 - 5/10. Let z = -5 + j. What is the remainder when z is divided by 10?
8
Let x(g) = 52*g - 1. Calculate the remainder when x(2) is divided by 35.
33
Let c(f) = -6*f**2 + 3*f + 24*f**2 - 4*f. Calculate the remainder when c(1) is divided by 10.
7
What is the remainder when 21 is divided by (-378)/(-49) + (-4)/(-14)?
5
Suppose -37 - 20 = -3*h. What is the remainder when 36 is divided by h?
17
Suppose 5*s - 6*s = -4. Let l = 3 - 3. Let c = s + l. What is the remainder when 7 is divided by c?
3
Suppose 0 = -4*k + 20, 5*x - k = 3*k + 375. What is the remainder when x is divided by 20?
19
Suppose -2*u - 5*q + 120 = -3*q, 95 = 2*u - 3*q. Suppose 5*t + 14 + u = 4*h, 3*h + 5*t = 43. Let b = 23 - h. Calculate the remainder when 11 is divided by b.
4
Let a be 52/20 + (-3)/5. Suppose 0 = a*x + 3*x - 3*u - 137, -5*u - 51 = -2*x. What is the remainder when x is divided by 4/(-5)*(-25)/2?
8
Suppose 2*b - 2198 = -6806. Calculate the remainder when 2/5 + b/(-40) is divided by 20.
18
Let s be 102/27 - (-2)/9. Suppose -v + 20 = 5*b, -25 = -7*v + 2*v. Calculate the remainder when (-2 - (-13)/s)*4 is divided by b.
2
Let j(n) = -11*n - 4. Let o be j(-9). Suppose 3*b - 6*b = -x - 49, x = -5*b + o. What is the remainder when 51 is divided by b?
15
Let q(c) = c**2 + 7*c + 9. Let j be q(-7). Suppose -39 = j*u - 10*u. What is the remainder when u is divided by 10?
9
Suppose -167*m + 181*m = 224. Let f = 11 + -7. Sup